mmon factor of 132 and 297?
33
Calculate the highest common factor of 2054 and 26.
26
What is the greatest common divisor of 345 and 45?
15
What is the highest common divisor of 400 and 16?
16
Calculate the greatest common factor of 441 and 27.
9
What is the greatest common factor of 89 and 2225?
89
Calculate the greatest common divisor of 136 and 238.
34
Calculate the highest common factor of 35 and 1673.
7
Calculate the highest common divisor of 196 and 7203.
49
Calculate the highest common factor of 162 and 6.
6
Calculate the greatest common divisor of 3490 and 10.
10
Calculate the greatest common divisor of 1302 and 336.
42
What is the highest common factor of 5187 and 84?
21
Calculate the greatest common factor of 18 and 186.
6
Calculate the highest common divisor of 1000 and 8.
8
What is the greatest common factor of 19 and 76?
19
Calculate the greatest common factor of 14406 and 2352.
294
Calculate the highest common factor of 684 and 36.
36
Calculate the highest common factor of 17980 and 116.
116
What is the highest common factor of 77 and 385?
77
Calculate the greatest common divisor of 37850 and 100.
50
What is the greatest common divisor of 20 and 160?
20
What is the highest common divisor of 46 and 1357?
23
Calculate the greatest common divisor of 2494 and 258.
86
What is the highest common divisor of 4428 and 216?
108
What is the greatest common factor of 913 and 22?
11
What is the greatest common divisor of 11 and 220?
11
What is the highest common divisor of 410 and 20?
10
Calculate the greatest common divisor of 130 and 104.
26
Calculate the highest common divisor of 247 and 13.
13
Calculate the highest common factor of 4173 and 338.
13
What is the highest common factor of 5 and 125?
5
Calculate the highest common divisor of 2 and 3388.
2
What is the greatest common factor of 1376 and 64?
32
Calculate the highest common divisor of 176 and 896.
16
What is the greatest common divisor of 300 and 100?
100
Calculate the greatest common divisor of 2 and 145.
1
Calculate the greatest common divisor of 61064 and 136.
136
What is the greatest common divisor of 10780 and 1980?
220
Calculate the highest common divisor of 5076 and 144.
36
Calculate the greatest common factor of 160 and 50.
10
Calculate the greatest common factor of 58 and 667.
29
What is the highest common factor of 30 and 20730?
30
Calculate the highest common factor of 240 and 2256.
48
Calculate the greatest common divisor of 2416 and 9211.
151
Calculate the greatest common divisor of 260 and 1170.
130
Calculate the greatest common factor of 66 and 22.
22
Calculate the highest common divisor of 3252 and 36.
12
Calculate the highest common factor of 10 and 65.
5
What is the greatest common divisor of 87 and 203?
29
What is the highest common divisor of 15 and 1455?
15
Calculate the greatest common factor of 128 and 692.
4
What is the greatest common divisor of 48 and 12?
12
What is the highest common divisor of 170 and 51?
17
Calculate the highest common factor of 224 and 196.
28
What is the highest common divisor of 42 and 210?
42
Calculate the greatest common factor of 276 and 483.
69
Calculate the highest common divisor of 132 and 616.
44
Calculate the greatest common factor of 51 and 1003.
17
What is the greatest common divisor of 21 and 749?
7
What is the greatest common divisor of 10923 and 99?
33
Calculate the greatest common factor of 576 and 270.
18
What is the greatest common divisor of 871 and 67?
67
What is the highest common divisor of 198 and 18?
18
Calculate the greatest common divisor of 13384 and 56.
56
Calculate the greatest common factor of 7 and 21.
7
Calculate the highest common factor of 56 and 184.
8
What is the highest common divisor of 304 and 48?
16
What is the highest common factor of 72 and 684?
36
Calculate the highest common divisor of 10 and 251.
1
Calculate the highest common factor of 675 and 25.
25
Calculate the greatest common divisor of 19 and 703.
19
Calculate the highest common factor of 2747 and 134.
67
Calculate the greatest common divisor of 38 and 1.
1
What is the highest common factor of 15 and 12345?
15
What is the greatest common divisor of 27 and 99?
9
Calculate the greatest common divisor of 835 and 167.
167
Calculate the greatest common factor of 856 and 88.
8
Calculate the highest common factor of 935 and 33.
11
Calculate the highest common factor of 42 and 33.
3
Calculate the highest common divisor of 3 and 147.
3
What is the greatest common factor of 252 and 306?
18
What is the highest common divisor of 3 and 567?
3
Calculate the highest common factor of 29 and 106604.
29
What is the greatest common factor of 917 and 14?
7
What is the greatest common divisor of 16 and 61792?
16
What is the greatest common divisor of 3115 and 210?
35
Calculate the greatest common factor of 68 and 12801.
17
Calculate the highest common divisor of 79 and 8216.
79
What is the highest common factor of 78 and 52?
26
What is the greatest common divisor of 64 and 37152?
32
Calculate the highest common divisor of 4 and 100.
4
What is the highest common divisor of 44 and 572?
44
What is the greatest common factor of 103752 and 132?
132
What is the highest common divisor of 24 and 90?
6
Calculate the highest common factor of 56 and 14.
14
Calculate the greatest common factor of 1550 and 200.
50
Calculate the greatest common factor of 232 and 2494.
58
What is the greatest common factor of 200 and 3656?
8
What is the highest common divisor of 27 and 27?
27
Calculate the highest common factor of 70 and 560.
70
What is the highest common divisor of 1521 and 117?
117
What is the greatest common divisor of 42 and 357?
21
What is the greatest common factor of 104 and 18616?
104
What is the greatest common divisor of 168 and 147?
21
Calculate the greatest common divisor of 705 and 15.
15
What is the greatest common divisor of 39 and 13?
13
What is the highest common divisor of 1236 and 12?
12
Calculate the greatest common factor of 50 and 970.
10
Calculate the highest common factor of 189 and 105.
21
Calculate the greatest common divisor of 324 and 3456.
108
Calculate the highest common factor of 2355 and 60.
15
Calculate the greatest common divisor of 25 and 2325.
25
What is the highest common divisor of 4136 and 8?
8
What is the highest common divisor of 32 and 8?
8
Calculate the highest common divisor of 60 and 210.
30
What is the highest common divisor of 10356 and 84?
12
Calculate the greatest common divisor of 1248 and 13.
13
Calculate the greatest common factor of 25 and 95.
5
Calculate the highest common factor of 215 and 43.
43
Calculate the greatest common divisor of 42 and 112.
14
What is the highest common divisor of 110 and 1925?
55
What is the greatest common divisor of 5 and 640?
5
Calculate the greatest common divisor of 22485 and 15.
15
What is the greatest common factor of 931 and 98?
49
Calculate the greatest common factor of 452 and 1469.
113
What is the highest common divisor of 1428 and 84?
84
What is the greatest common divisor of 190 and 304?
38
Calculate the greatest common factor of 51 and 238.
17
Calculate the greatest common divisor of 215 and 43.
43
Calculate the highest common factor of 16 and 83456.
16
What is the highest common divisor of 725 and 319?
29
Calculate the highest common divisor of 462 and 143.
11
Calculate the highest common divisor of 55 and 352.
11
Calculate the greatest common factor of 7 and 5.
1
Calculate the greatest common factor of 290 and 30.
10
What is the highest common factor of 48 and 64?
16
What is the greatest common factor of 65 and 130?
65
Calculate the highest common divisor of 35 and 5.
5
What is the greatest common divisor of 1445 and 255?
85
What is the highest common factor of 7216 and 82?
82
What is the greatest common divisor of 255 and 750?
15
What is the highest common factor of 87 and 93?
3
What is the highest common factor of 595 and 952?
119
What is the highest common factor of 3937 and 124?
31
What is the greatest common factor of 44800 and 128?
128
What is the greatest common factor of 75 and 125?
25
What is the greatest common factor of 1288 and 115?
23
What is the highest common factor of 174 and 4379?
29
What is the highest common factor of 2136 and 1958?
178
What is the hi